t common divisor of 300 and 12?
12
Calculate the greatest common divisor of 767 and 13.
13
What is the highest common divisor of 2375 and 855?
95
Calculate the greatest common divisor of 2180 and 35.
5
Calculate the highest common divisor of 357 and 34.
17
What is the greatest common divisor of 280 and 5080?
40
Calculate the greatest common divisor of 32 and 1360.
16
What is the highest common factor of 150 and 210?
30
Calculate the highest common divisor of 96 and 152.
8
Calculate the greatest common divisor of 219 and 24.
3
Calculate the highest common divisor of 12 and 2328.
12
Calculate the highest common factor of 56 and 40.
8
Calculate the highest common divisor of 9950 and 50.
50
Calculate the greatest common factor of 551 and 145.
29
Calculate the highest common factor of 88 and 8888.
88
What is the highest common factor of 69 and 21?
3
Calculate the greatest common factor of 1550 and 150.
50
What is the highest common divisor of 1504 and 224?
32
Calculate the highest common divisor of 27 and 6.
3
Calculate the highest common divisor of 13 and 45.
1
Calculate the highest common divisor of 33 and 12573.
33
Calculate the greatest common factor of 3478 and 148.
74
Calculate the greatest common divisor of 190 and 70.
10
What is the highest common factor of 336 and 144?
48
Calculate the highest common factor of 10 and 110.
10
What is the greatest common factor of 84 and 56?
28
What is the greatest common divisor of 161 and 345?
23
What is the highest common divisor of 36 and 5160?
12
Calculate the greatest common divisor of 1325 and 10.
5
Calculate the greatest common factor of 43 and 1.
1
Calculate the highest common factor of 1512 and 27.
27
Calculate the greatest common factor of 560 and 595.
35
Calculate the greatest common divisor of 246 and 14842.
82
Calculate the highest common factor of 363 and 891.
33
What is the greatest common divisor of 6142 and 166?
166
Calculate the greatest common divisor of 550 and 286.
22
Calculate the highest common divisor of 144 and 126.
18
Calculate the highest common divisor of 145 and 135.
5
Calculate the greatest common factor of 182 and 130.
26
Calculate the highest common factor of 18456 and 2.
2
Calculate the greatest common factor of 4 and 5840.
4
What is the highest common divisor of 1364 and 264?
44
Calculate the highest common factor of 2464 and 7.
7
What is the highest common divisor of 572 and 627?
11
What is the greatest common factor of 190 and 10?
10
What is the greatest common divisor of 728 and 4?
4
Calculate the greatest common factor of 15 and 135.
15
Calculate the highest common factor of 90 and 180.
90
What is the highest common factor of 110 and 6226?
22
Calculate the highest common factor of 532 and 112.
28
What is the highest common divisor of 1216 and 114?
38
What is the highest common factor of 935 and 23936?
187
Calculate the greatest common factor of 1 and 409.
1
What is the greatest common divisor of 114 and 513?
57
Calculate the greatest common factor of 304 and 40.
8
Calculate the greatest common factor of 199 and 7363.
199
Calculate the highest common divisor of 1542 and 12.
6
Calculate the highest common divisor of 4328 and 104.
8
What is the greatest common factor of 105 and 240?
15
What is the highest common divisor of 931 and 49?
49
What is the highest common divisor of 84 and 36?
12
What is the greatest common factor of 72 and 192?
24
What is the highest common divisor of 1333 and 31?
31
What is the greatest common divisor of 7 and 567?
7
Calculate the highest common divisor of 1080 and 40.
40
Calculate the greatest common factor of 162 and 270.
54
Calculate the highest common factor of 195 and 3055.
65
Calculate the greatest common factor of 108 and 60.
12
Calculate the highest common factor of 99 and 7821.
99
Calculate the greatest common factor of 171 and 3051.
9
What is the greatest common factor of 330 and 3135?
165
Calculate the highest common divisor of 11 and 43.
1
What is the greatest common factor of 4893 and 21?
21
Calculate the highest common factor of 12 and 192.
12
Calculate the highest common factor of 621 and 23.
23
Calculate the greatest common factor of 442 and 204.
34
What is the greatest common factor of 74 and 407?
37
What is the greatest common factor of 256 and 4?
4
What is the greatest common factor of 735 and 75?
15
Calculate the greatest common factor of 24 and 1704.
24
What is the highest common divisor of 74 and 481?
37
What is the greatest common factor of 5149 and 304?
19
Calculate the greatest common divisor of 637 and 5551.
91
Calculate the highest common divisor of 638 and 58.
58
Calculate the greatest common factor of 8 and 24.
8
What is the greatest common divisor of 423 and 752?
47
What is the highest common divisor of 28 and 532?
28
Calculate the highest common factor of 27 and 585.
9
What is the greatest common factor of 1536 and 264?
24
Calculate the highest common factor of 86 and 2752.
86
Calculate the greatest common divisor of 21 and 49.
7
Calculate the highest common divisor of 225 and 1225.
25
Calculate the highest common divisor of 15 and 27.
3
What is the greatest common factor of 1062 and 18?
18
What is the highest common divisor of 5427 and 162?
81
What is the greatest common divisor of 112 and 686?
14
What is the greatest common factor of 236 and 649?
59
What is the greatest common divisor of 57 and 3971?
19
Calculate the greatest common divisor of 261 and 2697.
87
What is the greatest common factor of 45 and 305?
5
Calculate the highest common factor of 5061 and 21.
21
What is the greatest common factor of 11 and 891?
11
Calculate the greatest common factor of 20 and 3520.
20
What is the highest common factor of 225 and 825?
75
What is the highest common factor of 55 and 2123?
11
Calculate the highest common divisor of 374 and 5797.
187
Calculate the greatest common factor of 81 and 15039.
27
What is the greatest common factor of 66 and 6402?
66
Calculate the greatest common divisor of 1007 and 95.
19
What is the highest common divisor of 1674 and 62?
62
What is the greatest common factor of 19 and 589?
19
What is the highest common divisor of 306 and 12?
6
Calculate the highest common factor of 5 and 55.
5
What is the highest common divisor of 20 and 9530?
10
Calculate the highest common divisor of 70 and 364.
14
What is the greatest common factor of 325 and 585?
65
Calculate the highest common divisor of 1 and 1019.
1
What is the highest common factor of 116 and 174?
58
Calculate the greatest common factor of 196 and 2450.
98
Calculate the highest common divisor of 20 and 800.
20
Calculate the highest common divisor of 405 and 14013.
81
Calculate the greatest common divisor of 20 and 140.
20
What is the greatest common factor of 377 and 91?
13
Calculate the greatest common factor of 168 and 6.
6
What is the greatest common divisor of 24 and 2064?
24
Calculate the greatest common factor of 85 and 238.
17
Calculate the highest common divisor of 3945 and 60.
15
What is the greatest common factor of 280 and 120?
40
Calculate the greatest common divisor of 12 and 492.
12
What is the highest common factor of 12136 and 444?
148
What is the greatest common factor of 272 and 17?
17
Calculate the greatest common divisor of 166 and 1079.
83
Calculate the greatest common divisor of 1665 and 120.
15
What is the greatest common factor of 7 and 2723?
7
What is the greatest common divisor of 16702 and 42?
14
Calculate the greatest common divisor of 48 and 12204.
12
Calculate the highest common divisor of 1092 and 104.
52
Calculate the greatest common divisor of 209 and 4009.
19
What is the highest common divisor of 133 and 17024?
133
Calculate the greatest common factor of 107 and 48899.
107
What is the highest common factor of 9 and 179?
1
Calculate the highest common divisor of 4758 and 1248.
78
What is the greatest common divisor of 14 and 161?
7
Calculate the greatest common factor of 54 and 783.
27
What is the greatest common factor of 1056 and 3102?
66
Calculate the greatest common factor of 4738 and 46.
46
What is the greatest common divisor of 480 and 45?
15
Calculate the highest common divisor of 16 and 2224.
16
Calculate the greatest common factor of 185 and 25.
5
Calculate the highest common divisor of 154 and 14.
